s 1831339 a prime number?
True
Is 236292629 a composite number?
False
Is 196626293 a prime number?
False
Is 17299627 prime?
False
Is 23746271 a prime number?
False
Is 64590418 prime?
False
Is 232007 a composite number?
False
Is 45815671 prime?
False
Is 95229917 composite?
False
Is 8045969 prime?
True
Is 36782017 prime?
False
Is 7566007 a composite number?
False
Is 427299269 a composite number?
False
Is 23097133 a prime number?
True
Is 6077013 prime?
False
Is 514601183 prime?
True
Is 41213827 a prime number?
False
Is 64204593 a composite number?
True
Is 10524257 a prime number?
True
Is 10105367 prime?
True
Is 27948923 a composite number?
False
Is 1143871 a prime number?
False
Is 665747 a prime number?
True
Is 9240279 a composite number?
True
Is 568129253 a composite number?
False
Is 1818055 prime?
False
Is 102246149 a prime number?
True
Is 187111073 composite?
False
Is 86002747 prime?
False
Is 7872583 a composite number?
False
Is 4385093 a prime number?
True
Is 104579 a composite number?
False
Is 76133417 composite?
False
Is 294772586 composite?
True
Is 31647851 prime?
True
Is 74282057 composite?
False
Is 313777 a prime number?
True
Is 1404481 a prime number?
False
Is 1980743 a composite number?
False
Is 30553401 prime?
False
Is 57839897 composite?
False
Is 624783353 a prime number?
False
Is 1759049 a composite number?
False
Is 5930143 prime?
True
Is 1080047 a prime number?
False
Is 3249569 a prime number?
False
Is 1505159 a prime number?
False
Is 128139181 a composite number?
False
Is 11818139 a prime number?
True
Is 66352903 prime?
True
Is 638663 composite?
False
Is 11184463 a prime number?
False
Is 36402979 composite?
True
Is 30591893 a composite number?
False
Is 4433581 prime?
True
Is 450605249 prime?
True
Is 5084371 prime?
True
Is 2434963 a prime number?
True
Is 2277763 a composite number?
True
Is 8550769 composite?
False
Is 15883003 prime?
True
Is 18465233 a prime number?
True
Is 1080413 a composite number?
False
Is 5231101 prime?
True
Is 4507799 a prime number?
True
Is 5246627 a composite number?
True
Is 62096357 a prime number?
False
Is 104994763 a prime number?
True
Is 173489839 composite?
False
Is 9032777 prime?
False
Is 4678385 a prime number?
False
Is 4040909 a composite number?
True
Is 30945137 a prime number?
False
Is 423537 a composite number?
True
Is 3459541 a composite number?
False
Is 393556799 a composite number?
False
Is 12992537 a composite number?
True
Is 3179837 prime?
False
Is 1015967 a prime number?
True
Is 27872398 a prime number?
False
Is 1202939 a composite number?
False
Is 1788493 a prime number?
False
Is 206755487 a composite number?
True
Is 427277 a prime number?
False
Is 1085243 a composite number?
True
Is 2582599 composite?
True
Is 2124839 a prime number?
True
Is 2439341 composite?
False
Is 3777667 a composite number?
False
Is 839017 composite?
True
Is 1150019 prime?
False
Is 2296213 a composite number?
False
Is 1107814263 a composite number?
True
Is 94526269 a composite number?
False
Is 6485623 composite?
True
Is 1111303 prime?
False
Is 2379493 composite?
False
Is 101599661 a prime number?
True
Is 1367047 composite?
True
Is 9800311 prime?
True
Is 29774929 composite?
False
Is 52130801 a prime number?
False
Is 1972541 composite?
False
Is 2415155 a composite number?
True
Is 5603551 a prime number?
True
Is 16570933 composite?
True
Is 1819271 a prime number?
True
Is 98018149 a composite number?
False
Is 20351899 a composite number?
False
Is 18511763 a composite number?
False
Is 107989 prime?
False
Is 32530681 a composite number?
False
Is 275357 a composite number?
False
Is 882529 a prime number?
True
Is 4027178 a prime number?
False
Is 7882103 prime?
False
Is 34053 prime?
False
Is 30993749 prime?
True
Is 1873814 prime?
False
Is 13537237 prime?
False
Is 4621277 prime?
True
Is 19988341 composite?
True
Is 123251159 a prime number?
False
Is 216982613 prime?
True
Is 3306451 a prime number?
True
Is 6913222 a prime number?
False
Is 52152059 a prime number?
True
Is 177570499 a prime number?
False
Is 36475219 prime?
False
Is 114282083 a prime number?
True
Is 128730505 composite?
True
Is 89339 a prime number?
False
Is 6315721 composite?
True
Is 278282506 a composite number?
True
Is 224270537 a composite number?
False
Is 29177431 a prime number?
True
Is 8119313 prime?
True
Is 69893269 a prime number?
True
Is 693241 a composite number?
True
Is 524512619 a composite number?
False
Is 224245013 a composite number?
False
Is 9431627 prime?
True
Is 38938673 a prime number?
False
Is 70387721 prime?
False
Is 1326763 a prime number?
False
Is 47878703 a composite number?
True
Is 26056637 a prime number?
False
Is 3993427 composite?
False
Is 44708303 a prime number?
False
Is 85499501 prime?
True
Is 499505 a composite number?
True
Is 1332053 a prime number?
False
Is 22501763 a prime number?
False
Is 40261411 prime?
True
Is 22157867 prime?
True
Is 216354967 a prime number?
True
Is 5305399 composite?
True
Is 320472613 composite?
True
Is 4564193 prime?
True
Is 37198739 a prime number?
False
Is 42494189 a prime number?
True
Is 46764101 a prime number?
True
Is 150388837 composite?
True
Is 2197513 composite?
False
Is 44328509 a prime number?
True
Is 211721173 composite?
False
Is 10148995 composite?
True
Is 3162661 a composite number?
True
Is 29966111 a composite number?
True
Is 868559 a composite number?
False
Is 14807267 composite?
False
Is 477356591 composite?
False
Is 3283583 composite?
True
Is 624391 a prime number?
True
Is 55582321 prime?
False
Is 53413457 a composite number?
False
Is 1552816291 composite?
True
Is 3151637 a prime number?
True
Is 717979231 a prime number?
True
Is 3640953 prime?
False
Is 77789779 a prime number?
False
Is 1291897 a prime number?
False
Is 6226723 composite?
True
Is 915142 composite?
True
Is 831007 composite?
True
Is 68884873 prime?
True
Is 7665269 prime?
False
Is 27603929 prime?
True
Is 255982303 a composite number?
False
Is 19177835 a prime number?
False
Is 20705701 a prime number?
True
Is 2298071 a prime number?
True
Is 54713391 composite?
True
Is 2612111 prime?
False
Is 28467379 prime?
False
Is 69521243 composite?
True
Is 11024203 prime?
False
Is 13706513 a composite number?
False
Is 20049907 composite?
True
Is 6493433 composite?
False
Is 120289633 composite?
True
Is 12210689 a composite number?
False
Is 784528949 prime?
False
Is 8638033 a composite number?
False
Is 38573243 composite?
False
Is 42716293 a prime number?
True
Is 4904077 a composite number?
False
Is 20596187 prime?
False
Is 4082651 a prime number?
True
Is 94041539 a composite number?
True
Is 9160883 composite?
True
Is 13586879 prime?
False
Is 27444643 a composite number?
True
Is 38254813 a prime number?
False
Is 89022529 prime?
True
Is 32568967 a composite number?
True
Is 3614833 a prime number?
True
Is 341611 a prime number?
False
Is 92453707 prime?
False
Is 5146789 composite?
False
Is 370202843 composite?
False
Is 21791653 a composite number?
True
Is 26240831 a composite number?
False
Is 9153169 a prime number?
False
Is 134314129 a composite number?
False
Is 211708895 a composite number?
True
Is 14388974 a composite number?
True
Is 288220355 a prime number?
False
Is 897049 a composite number?
False
Is 72057451 prime?
False
Is 172025647 prime?
True
Is 83809469 composite?
False
Is 2302739 composite?
True
Is 8647391 a prime number?
True
Is 10434139 composite?
True
Is 452983823 composite?
True
Is 1210351 a composite number?
False
Is 354674681 a composite number?
False
Is 522737311 composite?
False
Is 297320753 a composite number?
False
Is 32756519 composite?
False
Is 5445665 composite?
True
Is 4078363 composite?
False
Is 40953359 a composite number?
True
Is 18634699 prime?
True
Is 7782587 a composite number?
False
Is 2592761 a prime number?
True
Is 324877 a prime number?
False
Is 6756127 composite?
True
Is 20922071 a composite number?
True
Is 1395913 a composite number?
True
Is 175300094 a prime number?
False
Is 41833487 prime?
True
Is 18767299 composite?
True
Is 39782609 a composite number?
False
Is 9178791 composite?
True
Is 26476901 prime?
False
Is 2212979 a prime number?
True
Is 582041 composite?
True
Is 55770959 composite?
False
Is 324257509 prime?
True
Is 314534657 a composite number?
True
Is 47743859 a prime number?
False
Is 96620009 a